{"id":7002,"date":"2019-04-04T18:00:53","date_gmt":"2019-04-04T16:00:53","guid":{"rendered":"http:\/\/federacioncantabradehipica.com\/web\/?post_type=tribe_events&#038;p=7002"},"modified":"2019-04-04T18:00:53","modified_gmt":"2019-04-04T16:00:53","slug":"clinic-de-doma-clasica","status":"publish","type":"tribe_events","link":"https:\/\/federacioncantabradehipica.com\/web\/?tribe_events=clinic-de-doma-clasica","title":{"rendered":"CLINIC DE DOMA CL\u00c1SICA"},"content":{"rendered":"<p>Clinic de Doma Cl\u00e1sica con Iv\u00e1n Nieto S\u00e1nchez en el Centro Ecuestre \u00abLa Quinta\u00bb (Tarrueza &#8211; Laredo).<\/p>\n<p><img data-recalc-dims=\"1\" loading=\"lazy\" decoding=\"async\" data-attachment-id=\"7003\" data-permalink=\"https:\/\/federacioncantabradehipica.com\/web\/?attachment_id=7003\" data-orig-file=\"https:\/\/i0.wp.com\/federacioncantabradehipica.com\/web\/wp-content\/uploads\/2019\/04\/ClinicDomaIvanNieto.jpg?fit=900%2C1600&amp;ssl=1\" data-orig-size=\"900,1600\" data-comments-opened=\"0\" data-image-meta=\"{&quot;aperture&quot;:&quot;0&quot;,&quot;credit&quot;:&quot;&quot;,&quot;camera&quot;:&quot;&quot;,&quot;caption&quot;:&quot;&quot;,&quot;created_timestamp&quot;:&quot;0&quot;,&quot;copyright&quot;:&quot;&quot;,&quot;focal_length&quot;:&quot;0&quot;,&quot;iso&quot;:&quot;0&quot;,&quot;shutter_speed&quot;:&quot;0&quot;,&quot;title&quot;:&quot;&quot;,&quot;orientation&quot;:&quot;0&quot;}\" data-image-title=\"Clinic\" data-image-description=\"\" data-image-caption=\"\" data-large-file=\"https:\/\/i0.wp.com\/federacioncantabradehipica.com\/web\/wp-content\/uploads\/2019\/04\/ClinicDomaIvanNieto.jpg?fit=576%2C1024&amp;ssl=1\" class=\"alignnone size-medium wp-image-7003\" src=\"https:\/\/i0.wp.com\/federacioncantabradehipica.com\/web\/wp-content\/uploads\/2019\/04\/ClinicDomaIvanNieto-169x300.jpg?resize=169%2C300\" alt=\"\" width=\"169\" height=\"300\" srcset=\"https:\/\/i0.wp.com\/federacioncantabradehipica.com\/web\/wp-content\/uploads\/2019\/04\/ClinicDomaIvanNieto.jpg?resize=169%2C300&amp;ssl=1 169w, https:\/\/i0.wp.com\/federacioncantabradehipica.com\/web\/wp-content\/uploads\/2019\/04\/ClinicDomaIvanNieto.jpg?resize=84%2C150&amp;ssl=1 84w, https:\/\/i0.wp.com\/federacioncantabradehipica.com\/web\/wp-content\/uploads\/2019\/04\/ClinicDomaIvanNieto.jpg?resize=576%2C1024&amp;ssl=1 576w, https:\/\/i0.wp.com\/federacioncantabradehipica.com\/web\/wp-content\/uploads\/2019\/04\/ClinicDomaIvanNieto.jpg?w=900&amp;ssl=1 900w\" sizes=\"auto, (max-width: 169px) 100vw, 169px\" \/><\/p>\n","protected":false},"excerpt":{"rendered":"<p>Clinic de Doma Cl\u00e1sica con Iv\u00e1n Nieto S\u00e1nchez en el Centro Ecuestre \u00abLa Quinta\u00bb (Tarrueza &#8211; Laredo).<\/p>\n","protected":false},"author":8,"featured_media":0,"template":"","meta":{"kt_blocks_editor_width":"","_tribe_events_status":"","_tribe_events_status_reason":"","footnotes":""},"tags":[],"tribe_events_cat":[41],"class_list":["post-7002","tribe_events","type-tribe_events","status-publish","hentry","tribe_events_cat-doma-clasica","cat_doma-clasica"],"jetpack_sharing_enabled":true,"jetpack_likes_enabled":false,"_links":{"self":[{"href":"https:\/\/federacioncantabradehipica.com\/web\/index.php?rest_route=\/wp\/v2\/tribe_events\/7002","targetHints":{"allow":["GET"]}}],"collection":[{"href":"https:\/\/federacioncantabradehipica.com\/web\/index.php?rest_route=\/wp\/v2\/tribe_events"}],"about":[{"href":"https:\/\/federacioncantabradehipica.com\/web\/index.php?rest_route=\/wp\/v2\/types\/tribe_events"}],"author":[{"embeddable":true,"href":"https:\/\/federacioncantabradehipica.com\/web\/index.php?rest_route=\/wp\/v2\/users\/8"}],"version-history":[{"count":1,"href":"https:\/\/federacioncantabradehipica.com\/web\/index.php?rest_route=\/wp\/v2\/tribe_events\/7002\/revisions"}],"predecessor-version":[{"id":7004,"href":"https:\/\/federacioncantabradehipica.com\/web\/index.php?rest_route=\/wp\/v2\/tribe_events\/7002\/revisions\/7004"}],"wp:attachment":[{"href":"https:\/\/federacioncantabradehipica.com\/web\/index.php?rest_route=%2Fwp%2Fv2%2Fmedia&parent=7002"}],"wp:term":[{"taxonomy":"post_tag","embeddable":true,"href":"https:\/\/federacioncantabradehipica.com\/web\/index.php?rest_route=%2Fwp%2Fv2%2Ftags&post=7002"},{"taxonomy":"tribe_events_cat","embeddable":true,"href":"https:\/\/federacioncantabradehipica.com\/web\/index.php?rest_route=%2Fwp%2Fv2%2Ftribe_events_cat&post=7002"}],"curies":[{"name":"wp","href":"https:\/\/api.w.org\/{rel}","templated":true}]}}

CLINIC DE DOMA CLÁSICA

<p>Clinic de Doma Clásica con Iván Nieto Sánchez en el Centro Ecuestre «La Quinta» (Tarrueza &#8211; Laredo).</p>
<p><img data-recalc-dims="1" loading="lazy" decoding="async" data-attachment-id="7003" data-permalink="https://federacioncantabradehipica.com/web/?attachment_id=7003" data-orig-file="https://i0.wp.com/federacioncantabradehipica.com/web/wp-content/uploads/2019/04/ClinicDomaIvanNieto.jpg?fit=900%2C1600&amp;ssl=1" data-orig-size="900,1600" data-comments-opened="0" data-image-meta="{&quot;aperture&quot;:&quot;0&quot;,&quot;credit&quot;:&quot;&quot;,&quot;camera&quot;:&quot;&quot;,&quot;caption&quot;:&quot;&quot;,&quot;created_timestamp&quot;:&quot;0&quot;,&quot;copyright&quot;:&quot;&quot;,&quot;focal_length&quot;:&quot;0&quot;,&quot;iso&quot;:&quot;0&quot;,&quot;shutter_speed&quot;:&quot;0&quot;,&quot;title&quot;:&quot;&quot;,&quot;orientation&quot;:&quot;0&quot;}" data-image-title="Clinic" data-image-description="" data-image-caption="" data-large-file="https://i0.wp.com/federacioncantabradehipica.com/web/wp-content/uploads/2019/04/ClinicDomaIvanNieto.jpg?fit=576%2C1024&amp;ssl=1" class="alignnone size-medium wp-image-7003" src="https://i0.wp.com/federacioncantabradehipica.com/web/wp-content/uploads/2019/04/ClinicDomaIvanNieto-169x300.jpg?resize=169%2C300" alt="" width="169" height="300" srcset="https://i0.wp.com/federacioncantabradehipica.com/web/wp-content/uploads/2019/04/ClinicDomaIvanNieto.jpg?resize=169%2C300&amp;ssl=1 169w, https://i0.wp.com/federacioncantabradehipica.com/web/wp-content/uploads/2019/04/ClinicDomaIvanNieto.jpg?resize=84%2C150&amp;ssl=1 84w, https://i0.wp.com/federacioncantabradehipica.com/web/wp-content/uploads/2019/04/ClinicDomaIvanNieto.jpg?resize=576%2C1024&amp;ssl=1 576w, https://i0.wp.com/federacioncantabradehipica.com/web/wp-content/uploads/2019/04/ClinicDomaIvanNieto.jpg?w=900&amp;ssl=1 900w" sizes="auto, (max-width: 169px) 100vw, 169px" /></p>

<p>Clinic de Doma Clásica con Iván Nieto Sánchez en el Centro Ecuestre «La Quinta» (Tarrueza &#8211; Laredo).</p>
